5. What are the prime factors of a?
223
Suppose 0 = -z + 1 - 7. Let o(u) = 4*u - 4. Let h(l) = 11*l - 11. Let c(b) = -3*h(b) + 8*o(b). List the prime factors of c(z).
7
Let x(w) = 3*w + 2. Let u be x(3). Let l be (-448)/(-77) + 2/u. Let t = l + 13. List the prime factors of t.
19
Let d(c) = 2*c - 9. Let f be (1/(-2))/((-3)/42). Let n be d(f). Let a(j) = j**2 - 2*j - 6. What are the prime factors of a(n)?
3
Suppose -j = 4*j - 15. Let p be (-1 + 63)/(j - 1). Suppose 4*t + 0*c - p = -c, -4*t + 4*c = -16. List the prime factors of t.
7
Let p = 136 + -96. What are the prime factors of p?
2, 5
Suppose -5*a = -5, -5*a + 681 = 2*d - 0*a. List the prime factors of d.
2, 13
Let v(r) = r + 8. What are the prime factors of v(9)?
17
Let t = 0 - -3. Suppose -3*p + 5*c + 10 = 0, -3*c - t = -4*p + 25. List the prime factors of p.
2, 5
Let w be ((-5)/(-3))/(5/45). What are the prime factors of (-1)/(-3) + 160/w?
11
What are the prime factors of 9/(-12) + 995/4?
2, 31
Let s be (2 - 0) + 1 + -2. Suppose -4 = w, -5*p + 0*p + w = -9. List the prime factors of 1*(p - (-3 + s)).
3
Let a(k) = 28*k - 18. What are the prime factors of a(8)?
2, 103
Suppose 4*o = 4*n + 104, 3*o + 2*n = 2*o + 20. What are the prime factors of o?
2, 3
Suppose 0*z + 5*z - 2*g + 110 = 0, -2*z = 4*g + 20. Let o = z - -30. What are the prime factors of o?
2, 5
Suppose -d = 2*d + 96. Let r = -23 - d. What are the prime factors of r?
3
Suppose -3*m = 2*m - 5. What are the prime factors of m + 0 - 18/(-3)?
7
Suppose -434 = -3*j - 2*c + 7*c, c = -3*j + 410. List the prime factors of (20/30)/(4/j).
23
Suppose 4*b + b = 2*a - 45, 5*a - 3*b - 122 = 0. What are the prime factors of a?
5
Let d(m) be the third derivative of -m**6/120 + m**5/15 + m**3/6 - 2*m**2. Let y be d(4). Suppose -y = -3*a + 44. What are the prime factors of a?
3, 5
Let p = 35 - -19. List the prime factors of p.
2, 3
Let v be 102/30 - 4/10. Suppose 1 = -h + v. List the prime factors of h.
2
Let i be 8/3 + (-3)/(-9). What are the prime factors of (i/9)/((-1)/(-18))?
2, 3
Let c(i) = -i**3 - i**2 + 3*i + 5. Let h be c(-2). Let p be (-6)/4*(-4)/3. Suppose -5*m = -p*t + 33, 3*m + 0*m = h*t - 27. List the prime factors of t.
2
Let y be 6/(-27)*6*-3. Suppose -6*l = -2*l + 4*m - 52, 0 = -y*m. What are the prime factors of l?
13
What are the prime factors of 5 - (4 - (227 + -4))?
2, 7
Let m(x) = -6*x + 28. List the prime factors of m(-18).
2, 17
Suppose 0 = -0*o + o + 1. Let t = 2 + o. Let s(y) = 20*y**2 - 2*y + 1. What are the prime factors of s(t)?
19
Suppose -4*p + 1 = -31. Suppose -p*v + 89 = -3*v + 2*d, 3*d - 40 = -2*v. Let i = v - -1. List the prime factors of i.
2, 3
Suppose -j = 2*m, 5*m = -j + 2*m. Suppose 22 = 4*w - 5*f, j = 3*w - 7*w + 2*f + 16. Suppose u - 2*x - 20 = 0, w*u + 3*x = 8 + 7. List the prime factors of u.
2, 5
Suppose 4*o - 4*y = 1080, 7*y = -5*o + 3*y + 1386. What are the prime factors of o?
2, 137
Suppose k - 5 = -2, -k = 2*b - 13. Suppose 4*h + 0*w - 23 = w, b*h = 4*w + 37. Suppose i = y - 3*y, 2*i + 5*y + h = 0. What are the prime factors of i?
2, 5
Suppose 0 = 4*c - 5*a - 1 + 2, 5*c = a + 4. What are the prime factors of -1*(c + -3) - -2?
2
Suppose 5*x - 3 = 2. Let t(o) = -x - o + o**3 + 6*o**2 - 4*o**2 - 3*o. List the prime factors of t(-3).
2
Suppose -c - 4*v + 13 = 0, -4*c + v = 5*v + 8. What are the prime factors of (-6)/c*(24 + 18)?
2, 3
Suppose 0 = -3*g - 2 - 28. Let o be 5*1 - g/(-5). List the prime factors of 10/o*(-6)/(-5).
2
Suppose p = -2*p + 12. Suppose 3*u - 12 = -3*f, 4*f - p*u - 40 = f. List the prime factors of f.
2
Suppose 0 = -3*z + 40 + 20. What are the prime factors of z?
2, 5
Suppose -3*j + 6 = -6*j. List the prime factors of 15/j*16/(-10).
2, 3
Let m(l) = -7*l**2 + 2*l + 1. Let d be m(-1). Let i = -14 - d. List the prime factors of ((-9)/i)/((-3)/(-20)).
2, 5
Suppose -3*t - 12 = 0, -5*x = -3*t - 16 - 11. Let c(f) = 18 - x*f**3 + 2*f**3 + f**2 - 2*f**2. What are the prime factors of c(0)?
2, 3
Suppose -o - 6 = -4*n, -3*n = -0*n - 9. Let t = 22 - o. Let d = t + -5. What are the prime factors of d?
11
Let a = -6 + 11. Suppose 0 = 5*y - 25, 10 = -k - y + a*y. List the prime factors of k.
2, 5
Let m = 20 - -4. What are the prime factors of m?
2, 3
Suppose 3*z - 2*r = 40, 2*r = -4*z + 2*z + 30. Let d be 18/14 - 4/z. What are the prime factors of d/(-5) + 112/10?
11
Suppose u + 16 = 5*u. Suppose u*x = 12 + 4. What are the prime factors of (96/(-9))/x*-3?
2
Let w(u) = -u**2 - 3*u - 4. Let k be w(-3). Let g = 10 + k. List the prime factors of g.
2, 3
Let z = -12 - -26. Suppose 5*o - 11 - z = 0. Suppose 5*i = 3*u - 7*u + 22, 13 = o*u - i. List the prime factors of u.
3
Suppose 0 = 5*i + 3*w - 378, -i - 2*i - 5*w = -230. What are the prime factors of i?
3, 5
Let f(w) = -10*w - 7 + 7*w**2 + 5*w + 0*w**3 + 9*w - w**3. Let i be f(7). Let z = i - 12. List the prime factors of z.
3
Let l(u) = -u**2 + 6*u + 4. Suppose 0 = d - 3*d + 32. Let k be d/72 - (-43)/9. What are the prime factors of l(k)?
3
Suppose -4*n + 264 = 2*c, 69 = n + 3*c - c. What are the prime factors of n?
5, 13
Let h be 2*(0 + (-105)/(-6)). List the prime factors of h/2 + 2/4.
2, 3
Suppose 0 = -s - 1, 5*f - s - 3 - 23 = 0. Suppose 3 + 1 = -2*k, 3*k + 81 = f*b. List the prime factors of b.
3, 5
Let m be 1 + 3/2*2. Suppose m*r - 5*j = 41, -2*r + j + 6 = -13. List the prime factors of r.
3
Suppose 2*z - 3*z + 1 = -r, -2*z - 28 = 4*r. What are the prime factors of (-288)/(-20) - 3/r?
3, 5
List the prime factors of 6/(-9) + (-537)/(-9).
59
What are the prime factors of (2 + (-38)/6)*-18?
2, 3, 13
Suppose -36 = -2*b + 2. List the prime factors of b.
19
Let d(s) = -3*s. Let i(h) = h + 1. Let j(c) = d(c) + i(c). Let f be j(1). Let g = 10 - f. What are the prime factors of g?
11
Suppose 0 = 17*p - 8*p - 783. List the prime factors of p.
3, 29
Let i be ((-8)/(-6))/(8/(-24)). Let w = -10 - -3. What are the prime factors of (w + 0)/(i + 3)?
7
Let c = -16 - -32. Suppose 0*q - q - c = 0. Let u = 25 + q. List the prime factors of u.
3
Suppose -1 - 44 = 5*x. What are the prime factors of 2 - (-2 - -2) - x?
11
Let z(k) = -33*k - 2. Let q be z(-2). Let m be 6/8*q/24. Suppose -3*r + 13 + 44 = -m*h, 0 = 4*r + 5*h - 53. What are the prime factors of r?
17
Suppose 0 = -r - 5*l + 17, 0*l = -3*r + l + 3. Let n(h) = -h**2 + 1 + 0*h**r + 7*h + 0. What are the prime factors of n(5)?
11
Let b = -3 + 8. Suppose b*q - 17 = 4*q. What are the prime factors of q?
17
Let h be (6/15)/((-2)/(-20)). Suppose -2*l + h*l - 36 = 0. List the prime factors of l.
2, 3
Let g(u) = 11*u + 1. Let n be g(-11). List the prime factors of (-2)/(-13) - n/65.
2
Let q(m) = -m**2 - 6*m - 2. Let b be -4 - 3/(6/4). Let o be q(b). Let s(z) = z**3 + 3*z**2 - 2*z - 2. List the prime factors of s(o).
2, 3
Suppose 6 = -y - 2*v, 0 = -4*v - 1 - 19. Suppose 0 = y*n - 2*u - 90, -5*n - 3*u = -4*u - 114. What are the prime factors of n?
23
Suppose 2*l - 43 = -c, -2*l + 3*c = -6*l + 81. List the prime factors of l.
2, 3
Let s(b) be the first derivative of 1/3*b**3 - 5/2*b**2 - 7*b - 2. List the prime factors of s(7).
7
Let u = 585 - 261. List the prime factors of u.
2, 3
Suppose -3*v = -3*f - 252, -v + 0*v - 4*f + 84 = 0. List the prime factors of v/(-8)*4/(-6).
7
Suppose -4 = -3*q + 5. Let s(a) be the third derivative of a**4/8 + 2*a**2. List the prime factors of s(q).
3
Let q = 78 - 36. What are the prime factors of q?
2, 3, 7
Suppose m - 5*m + x + 6 = 0, -2*m + 14 = 5*x. Suppose m*l + 40 = 7*l. List the prime factors of l.
2
Let n = 124 + -17. What are the prime factors of n?
107
Let y(n) = -n**3 - 3*n**2 + 5*n + 2. Let z be y(-3). Let o be z - -1 - 12/(-6). Let s(g) = -g**2 - 11*g - 1. List the prime factors of s(o).
3
Suppose 0 = m + 3*m. Suppose m = -5*p - 7 + 42. What are the prime factors of p?
7
Suppose 5*t + b - 5 = 5, -b = 3*t - 6. Suppose -k + 15 = t. What are the prime factors of k?
13
Let q(b) = 20*b + 4. Let u be q(8). Suppose 3*n - 5*g = -n + u, -n = -5*g - 41. What are the prime factors of n?
41
Let a be -4*(-1 - -2)*2. Let k = -3 - a. Suppose -3*u + 3 = k*i - 22, -u = -5. What are the prime factors of i?
2
Let d(z) be the third derivative of 5/24*z**4 + 0 + 0*z + 0*z**3 - 2*z**2 + 1/60*z**5. List the prime factors of d(-6).
2, 3
Let p = 85 - 17. List the prime factors of p.
2, 17
Suppo